common factor of v and x.
10
Let z = -15712 + 17364. Calculate the highest common factor of z and 84.
28
Suppose 0 = 4*g + 3*l + 2, -4*l - 2 = 3*g - 2*l. Let d be 4/(g + (-44)/(-20)). Let f be -4 + (6 - -2) + d. Calculate the greatest common divisor of 12 and f.
12
Suppose -3*c = 2*m + 9, -111*c + 110*c + 13 = -2*m. Calculate the greatest common divisor of 1493 and c.
1
Let g be 7/2*((-968)/77 - -9)*-548. Calculate the greatest common divisor of g and 50.
50
Let y = -6 + 123. Let w = 42 + y. Calculate the highest common divisor of w and 3.
3
Let x(d) = 4*d**2 + 81*d + 16. Let i(o) = -o**2 + o + 1. Let y(b) = -3*i(b) + x(b). Let l be y(-11). Calculate the greatest common divisor of 26 and l.
2
Let a be ((-3)/5)/(926/620 + (-27)/18). What is the greatest common factor of a and 8277?
93
Suppose 0 = 4*g - 3*k - 765, -2*g - 5*k + 201 + 136 = 0. What is the greatest common factor of g and 18?
6
Suppose 146*i = -20*i + 23904. Let z(o) = o**3 - 4*o**2 - 2*o - 6. Let h be z(5). Calculate the greatest common divisor of h and i.
9
Let n(q) = 2*q**2 - 8*q - 6. Let s be n(7). Let t = 260 - s. Calculate the greatest common factor of t and 7.
7
Suppose 1940 = 40*j - 660. Calculate the highest common factor of j and 117.
13
Suppose 12640 - 6893 + 32263 = 21*h. What is the greatest common factor of 1267 and h?
181
Let x be -9 + 4722*(-6)/18*-6. Calculate the highest common divisor of 222 and x.
111
Let g be 42/(-35)*-4*20/12. Let o be (148/g + -7)/((-2)/(-4)). Calculate the greatest common factor of o and 1.
1
Let t(m) = m**3 - 10*m**2 - 11*m + 110. Let v be t(11). What is the highest common factor of v and 6215?
55
Suppose -3*k + 7507 + 895 = -5*c, 0 = 3*c + 12. Calculate the highest common factor of k and 44.
22
Let c be ((2 - (-160)/(-50))/3)/((-1)/60). Suppose 0 = -12*x + 5*x + 224. What is the greatest common factor of x and c?
8
Let m(o) = 4*o**2 + 9 - 3*o**2 + 4 - 5. Let k be m(6). Suppose -21 - 7 = -11*j + 4*j. What is the highest common divisor of k and j?
4
Suppose 0 = 25*m - 91*m + 2640. Calculate the highest common divisor of m and 24.
8
Let d = -132 - -132. Suppose -5*x - 75 + 180 = d. What is the greatest common factor of 105 and x?
21
Let d = -117 + 122. Suppose 2*r = 5*k - 50, -d*k + 24 = -4*r - 16. Let g be (-54)/k*(-200)/3. Calculate the highest common divisor of 60 and g.
60
Let r(d) = d**3 + 19*d**2 + 61*d + 873. Let l be r(-18). What is the greatest common factor of 3190 and l?
11
Suppose -363*o + 359*o = 0. Suppose o = -25*f + 283 + 392. Calculate the highest common divisor of f and 63.
9
Suppose 5*n - 2 = -17. Let o be n + 8/2 - -36. Let q be (21/6 - 3)/1*(95 - -571). What is the highest common divisor of o and q?
37
Suppose -y + 2*g + g + 10 = 0, -3*y + 54 = -3*g. What is the greatest common factor of 6490 and y?
22
Suppose f - 44*t - 5351 = -49*t, -2*t = f - 5366. Calculate the highest common divisor of 144 and f.
48
Let j = -434 + 410. Let y be (-1 - 32/j)*2244. Calculate the greatest common divisor of 44 and y.
44
Suppose -d + 5*c = -74, d - 26*c = -22*c + 63. Suppose -156 = -2*w + 4*u, -3*w = -4*u - 240 + 8. Calculate the greatest common factor of d and w.
19
Let b = 171 + -177. Let g(t) = 4*t**2 + 22*t - 8. Let m be g(b). Calculate the greatest common divisor of m and 100.
4
Suppose 5*y + 2*g - 2036 - 19328 = 0, 4*y = 3*g + 17059. What is the highest common divisor of 366 and y?
122
Let s = 1586 - 315. Calculate the highest common factor of 31 and s.
31
Let r(m) = m**2 + m + 12*m + m**2 - 7*m - 9. Let n be r(2). Let s be (-6)/9 + 700/6 + 5. Calculate the highest common factor of s and n.
11
Let a = 3766 + -3568. What is the greatest common divisor of 882 and a?
18
Suppose -21*x - r = -17*x - 240, -51 = -x + 2*r. Calculate the greatest common factor of x and 177.
59
Let n be 1 + 6*10/15. Let k be 30/40 + ((-1025)/(-4))/n. Calculate the greatest common factor of 39 and k.
13
Let q = -65 - -59. Let c be q/(-15) + (-34)/10 + 57. Calculate the highest common factor of c and 18.
18
Let f be 12/8 + 9/(-6). Suppose -3*t + f*t = 3*x - 309, 0 = t + 2*x - 107. Let c be 3/((t/(-30))/(-11)). What is the greatest common divisor of c and 10?
10
Let q be (-3)/(18 - 5190/288). Calculate the greatest common divisor of q and 8892.
36
Let i be 8/(44/14 - 3)*2. Let n(r) = -2*r**2 - 73*r + 385. Let v be n(-41). Calculate the greatest common factor of v and i.
16
Let h be (-231)/(-28) + -1 + 87/116. Let w(d) = d**2 - d + 2. Let q be w(2). Calculate the greatest common divisor of q and h.
4
Let l = -24 + 36. Suppose 3 = -3*y + l. Suppose -y*w = -2*u + 3*u - 145, -180 = -4*w - 4*u. What is the highest common divisor of 75 and w?
25
Suppose 26*k + 3216 = 74*k. What is the highest common divisor of k and 8107?
67
Let l(d) = 2*d**2 - 9*d + 13. Let b be l(2). Suppose 3*s - 30 = -3*f + 102, b*s + f - 124 = 0. Calculate the highest common divisor of s and 56.
8
Suppose -182 + 107 = -5*k. Let w be 210/(-9)*(27/(-6) - -3). Calculate the greatest common divisor of k and w.
5
Suppose v = -3*r + 10, 0 = -14*v + 13*v - 2*r + 8. Suppose -k = 1, 0 = -n + v*n + k - 44. Calculate the highest common divisor of 195 and n.
15
Let d = 698 + -398. Suppose -12*i + 108 = -d. Calculate the highest common divisor of i and 1054.
34
Let l(x) = -388*x**2 + 2351*x - 21. Let c be l(6). Calculate the greatest common divisor of c and 5421.
39
Let k(r) = -r**3 - 3*r**2 - r + 8. Let q be k(-4). Suppose 3*h - 14 = q. Let g be 130/4*(-12 + h). What is the highest common divisor of 13 and g?
13
Suppose 144*c = 152*c - 104. What is the greatest common factor of c and 416?
13
Let h = 17938 + -16843. Calculate the greatest common factor of h and 135.
15
Let w be 5 + (-1 + 1)*-1. Suppose 107*t = 371 - 420 + 1119. What is the highest common factor of t and w?
5
Let y(l) = 163*l - 3. Let r(m) = -163*m + 2. Let j(z) = -4*r(z) - 3*y(z). Let h be j(1). Let o = h + 1. What is the greatest common divisor of o and 15?
15
Let p be (-2 + 0/(-4))/((-52)/14144). What is the greatest common factor of 16592 and p?
272
Suppose -3*u + 4*j = -239, -u + 53 + 14 = 5*j. Let s be -6 + 2 + 70 + u. What is the greatest common factor of s and 91?
13
Let x be 3 - 5/(15/9). Suppose x = -w - 2*j + 138, -2 = -3*j - 11. Let l = 5 + 11. What is the greatest common divisor of w and l?
16
Suppose 3*y - 4*s - 62 = 0, -4*y + 5*s = -6*y + 49. Let k(a) = 8 - 415*a - y + 397*a. Let p be k(-3). What is the greatest common divisor of 8 and p?
8
Let t = 170 + -110. Let w be (-1 - (9 - -5)) + 63. Calculate the highest common divisor of w and t.
12
Let l be (-4)/7 - (-272838)/1554. What is the greatest common divisor of l and 75?
25
Let m be ((-1128)/30)/(4/(-10)). Let a(t) = -t**2 + 56*t + 600. Let p be a(59). What is the highest common factor of p and m?
47
Let p(c) be the second derivative of -5*c**3/3 - 15*c**2/2 + 4*c - 1. Let u be p(-4). Calculate the greatest common factor of u and 5.
5
Suppose -4*x - 158 = -2*p, 3*x + 325 = 4*p - 2*x. Calculate the highest common factor of 35 and p.
5
Suppose 0 = -b + 22*b - b - 118260. What is the greatest common factor of 18 and b?
9
Let i(j) = -3*j**2 - j - 2. Suppose -10*y = 15 - 5. Let v be i(y). Let t = -1 - v. What is the highest common divisor of t and 3?
3
Suppose -7*o = -253 - 454. Let u = o - 95. Let a = 23 - 14. Calculate the highest common divisor of a and u.
3
Suppose -5*f + 3*s - 1222 = -10*f, -s = -3*f + 722. Calculate the highest common divisor of 55 and f.
11
Let t = -36680 - -36683. Let r = -8 + 13. Calculate the highest common divisor of t and r.
1
Suppose -4*x = 5*q - 4262, x - 1346 = 2*q - 274. What is the greatest common divisor of 36 and x?
12
Suppose -4*p = l - 545, -l + 400 = 3*p - 2*l. Suppose 0 = -101*w + 88*w - 78. Let f(i) = 7*i + 57. Let n be f(w). What is the highest common divisor of n and p?
15
Let t = -85 + 86. Let u be (0 + 0)/(-3 + t). Suppose u = -5*f + 2*y + y + 151, 0 = 4*f + 5*y - 143. Calculate the greatest common divisor of 16 and f.
16
Suppose 702 = t - 8*j, -2*j - 2064 = -3*t + j. Calculate the greatest common divisor of t and 812.
14
Suppose 3*p = 3*c - 8*c + 7*c + 402, 0 = 5*c. Calculate the greatest common factor of p and 2747.
67
Let v = -4118 - -7545. What is the highest common divisor of 745 and v?
149
Let z(f) = -5*f + 122. Let i be z(-16).